ided by n.
5
Let y = 1 + 2. Calculate the remainder when 2 is divided by 4/((-4)/(-5)) - y.
0
Let o = 1 + 1. What is the remainder when 20/(o + 3/(-2)) is divided by ((-6)/9)/(1/(-21))?
12
Let m = -5 + 10. Suppose -3*f + 5*f = 26. What is the remainder when f is divided by m?
3
Calculate the remainder when 17*2*(-24)/(-48) is divided by 2.
1
Let t = 96 + -68. Calculate the remainder when t is divided by 10.
8
Let r(v) = -v**2 - 8*v - 5. Let p be r(-7). Suppose 0 = -3*j - p*j + 310. What is the remainder when j is divided by 16?
14
Suppose 2*z = 3*z + 2. Suppose 0 = -3*b + 12 + 42. What is the remainder when (68/6)/(z/(-6)) is divided by b?
16
Let c(j) = -j + 5. What is the remainder when c(-25) is divided by 11?
8
Suppose 5*o - 3*o - 3*z - 138 = 0, 3*z = -4*o + 312. Suppose -9*u = -4*u - o. Calculate the remainder when u is divided by 9.
6
Suppose 0*r + 48 = 4*r. Let v = 20 - r. Suppose -5*z - 2*c = -157, z - c = 22 + 8. Calculate the remainder when z is divided by v.
7
What is the remainder when 19 is divided by 4/(-6)*147/(-14)?
5
Let o(g) = -g**3 + 6*g**2 + 4*g - 3. Let x = -11 + 22. Calculate the remainder when o(6) is divided by x.
10
Let c(t) = 10*t**2 + 2*t - 2. Suppose -75 - 60 = -5*z. Suppose -4*f - z = -7*f. What is the remainder when c(-2) is divided by f?
7
What is the remainder when 81 is divided by (-4 - 88/(-20))*30?
9
Let h = -43 - -86. What is the remainder when h is divided by 12?
7
Suppose -19 = -3*q - 1. What is the remainder when 14 is divided by q?
2
Let u = -2 + 78. Calculate the remainder when u is divided by 26.
24
Let k = -32 + 46. What is the remainder when 26 is divided by k?
12
Suppose -c = -5*c - 128. Let l = 52 + c. What is the remainder when 79 is divided by l?
19
Suppose 8 = -2*h, 2*p + 0*h - 2*h = 30. What is the remainder when 1*(-2 - (-1 - 44)) is divided by p?
10
Suppose -w = -5, 0 = 2*j - 7*j + w - 45. Let k = j + 11. Suppose 4*h - 17 = 3*d, -4*d + 4 = -2*h - 0*h. What is the remainder when h is divided by k?
2
Let r(m) = m**3 + 10*m**2 - 10*m + 14. Let o be r(-11). Suppose o = 2*z - 1. Suppose -10 = -z*j - 0. Calculate the remainder when 9 is divided by j.
4
Let s(h) = -17*h - 38. Calculate the remainder when 113 is divided by s(-3).
9
Let c(q) = -10*q**2 + 11*q - 28. Let x(o) = -3*o**2 + 4*o - 9. Let p(b) = 2*c(b) - 7*x(b). Calculate the remainder when 26 is divided by p(6).
5
Let y(t) = t + 2. Let x be y(0). What is the remainder when 19 is divided by 29/3 - x/(-6)?
9
Let q be (1 - 7)*18/(-4). Suppose 2*w - 3 = q. Calculate the remainder when 28 is divided by w.
13
Suppose 16*c - 18*c + 46 = 0. What is the remainder when c is divided by 12?
11
Let x(b) = -83*b - 7. Calculate the remainder when x(-2) is divided by 27.
24
Suppose -4*z - o + 21 = -3*z, 4*o = 4*z - 100. What is the remainder when 67 is divided by z?
21
Let o(j) = -4*j + 11. Let q be o(-8). Suppose 0 = 4*y, 0 = -3*c - 2*y - 2*y - 3. What is the remainder when (-1 - q)*c/2 is divided by 12?
10
Let c(h) = h + 1. Let n be c(3). Suppose -4*r = 4*k + 16, 6*r = 2*k + 4*r + 8. Calculate the remainder when 10 is divided by (k - -5) + 1 + n.
4
Suppose -4*i + 17 = -15. Suppose 3*k - i*k = -25. Calculate the remainder when (-8)/(-3)*(0 - -3) is divided by k.
3
Suppose 0 = -c - 2*c + 87. What is the remainder when c is divided by (-5*1)/((-3)/9)?
14
Suppose 0 = -2*s + g + 9 + 7, -3*g - 40 = -5*s. Calculate the remainder when (-178)/(-6) - (-1)/3 is divided by s.
6
Let h(a) = -3 - 5*a**2 + 8 - 4*a + 4*a**2 - 2*a. What is the remainder when 9 is divided by h(-6)?
4
Let a(i) = i**3 - 2*i + 2. Let y be (-10)/45 - 38/(-9). What is the remainder when a(y) is divided by 20?
18
Let g(d) = 4*d - 3. Let w = 11 - 6. What is the remainder when 49 is divided by g(w)?
15
Let x(t) = t**2 + 3*t - 7. Let v = -1 - -5. Suppose 0 = 3*d + 12, 2*d - 24 = v*y + 3*d. What is the remainder when 8 is divided by x(y)?
2
What is the remainder when 8 is divided by (40/(-30))/(2/(-3))?
0
Suppose 2*i = -i - 12, 0 = 4*s + 2*i + 548. What is the remainder when s/(-9) - (-2 + 0) is divided by 6?
5
Let o = 11 + 0. Let f(n) = n**2 + 7*n + 8. Let y be f(-6). Calculate the remainder when o is divided by y/7 - (-94)/14.
4
Let j(f) = 2*f + 2. Let l = -2 + 13. Calculate the remainder when j(9) is divided by l.
9
Let g(s) = 2*s**2 + 6 + 1 + 4*s - s**2 - 3. What is the remainder when 29 is divided by g(-6)?
13
Let z(h) = h**2 - 4*h - 4. Let j be z(-4). Suppose -5*t + j + 22 = 0. Calculate the remainder when 29 is divided by t.
9
Calculate the remainder when -142*(28/8)/(-7) is divided by 37.
34
Let t = 0 + 2. Suppose -w - 3 = -2*r, 36 = -5*w + t*r + r. What is the remainder when 13/3 + 3/w is divided by 2?
0
Let b = -62 - -135. What is the remainder when b is divided by 37?
36
Let j = -16 - -21. Calculate the remainder when j is divided by 10/6 + 5/15.
1
Let u = 4 - -40. Suppose 0*j = 4*j - u. Calculate the remainder when 32 is divided by j.
10
Let i(q) = -7 - 4*q**2 + q**2 + 6*q - 3*q**2 + q**3. Calculate the remainder when i(6) is divided by (3/(-1))/(18/(-60)).
9
Let r(u) = 2*u - 3. What is the remainder when 49 is divided by r(8)?
10
Let a = 22 - 18. Calculate the remainder when 4 is divided by a.
0
Suppose -q = -9*q + 48. What is the remainder when (40/(-6))/(2/(-6)) is divided by q?
2
Let s(b) = -12*b - 4. Let r be s(-7). Suppose 4*y = 36 + r. What is the remainder when y is divided by 11?
7
Let n(w) = -w**3 + 6*w**2 + 7*w + 5. Let d(m) = -m**3 + 5*m**2 + 6*m + 6. Let q(f) = -3*d(f) + 4*n(f). Calculate the remainder when 2 is divided by q(10).
0
Suppose -4*m = -10 - 38. Suppose -4*k - m = -8*k. Let q = -12 + 16. Calculate the remainder when q is divided by k.
1
Suppose 0*a = 2*a + 3*k - 41, -4*a + 67 = 3*k. Let z(d) = -8*d - 7. Let f be z(-7). Let i = f + -25. Calculate the remainder when i is divided by a.
11
Suppose -1 = -9*x + 89. Calculate the remainder when 15 is divided by x.
5
Let m(b) = b**2 - b - 6. What is the remainder when 23 is divided by m(4)?
5
Let n = -23 + 67. Suppose -3*j + 4*c = -n, -9 - 11 = -5*j - 4*c. Calculate the remainder when j is divided by 3.
2
Let f(m) = m**2 - 2*m - 3. Let s be f(-2). Suppose 3*q = -5*g + 56, -s*q + 0*g = g - 86. Calculate the remainder when q is divided by 5.
2
Let j = 6 - 4. Calculate the remainder when j/(-4)*(-56 + 4) is divided by 9.
8
Suppose -3*n - q + 47 = 0, -5*n = 3*q - q - 80. Calculate the remainder when n is divided by 4.
2
Let z = 40 - -2. Calculate the remainder when z is divided by 11.
9
Let x(c) = -2*c. Suppose 0 = -4*y + 3*t - 8, -5*y - 3*t - 10 = -t. Let j(l) = -l**3 - l**2 + 3*l + 2. What is the remainder when j(-3) is divided by x(y)?
3
Suppose -f + 0 + 11 = 0. Calculate the remainder when 37 is divided by f.
4
Let h(q) = 2*q**2 - 9*q - 11. Let v be h(9). Suppose 2*d = -3*d + v. What is the remainder when d is divided by 4?
2
Let r(t) be the first derivative of t**4/4 + 5*t**3/3 - 2*t**2 + 12*t - 5. Calculate the remainder when r(-5) is divided by 17.
15
Suppose -27*m + 24*m = -51. Suppose 0*h + h = 0. What is the remainder when m is divided by 5 + h - (3 - 4)?
5
Let v(z) = -z**2 - 9*z - 2. Calculate the remainder when 35 is divided by v(-4).
17
Let x(d) = -d**3 - 7*d**2 + 4*d - 24. What is the remainder when 29 is divided by x(-8)?
5
Let r(q) = -q + 17. Calculate the remainder when 87 is divided by r(-5).
21
Suppose 466 = 5*c - 3*v + 159, 0 = c - 2*v - 60. What is the remainder when c is divided by 33?
29
Suppose -5*l + 58 = 13. Let a = -12 - -16. Let p(v) = v**3 - 3*v**2 + v - 3. Calculate the remainder when p(a) is divided by l.
8
Let a(v) = v**2 - v + 1. Let t(s) = s**3 + 7*s**2 - 2. Let o(q) = 3*a(q) - t(q). What is the remainder when 32 is divided by o(-4)?
15
Suppose -2*c + 0*c - 5*w - 6 = 0, 6 = 2*c + 2*w. Suppose -c = -o + 3*z, -5*o - 3*z + 111 = 4. What is the remainder when 55 is divided by o?
17
Let l = 90 + -60. Calculate the remainder when l is divided by 11.
8
Let o = -12 + 17. What is the remainder when 2/(-4) - (-38)/4 is divided by o?
4
Let o(g) = -4*g**3 + 1 - g**2 + 6*g**3 + 5*g**3. Calculate the remainder when o(1) is divided by 5.
2
Suppose -2 = -j + 2*h - 8, 4*j - 6 = 2*h. Suppose -j*x + 0*x + 156 = 0. Calculate the remainder when x is divided by 14.
11
Let y(f) = -3 + 7 + 4*f + 0. Calculate the